 m + b = 0. Let v(o) = o + 1. What is v(m)?
2
Let c(p) = p**2 - 8*p + 2. Suppose -28 = 12*j - 16*j. What is c(j)?
-5
Let k(l) = l + 2. Let b be k(-1). Let f(h) = -h**2 + 1. Calculate f(b).
0
Let y(m) = -m. Let d(l) = 3*l - 3. Let u(n) = -d(n) - 4*y(n). Calculate u(7).
10
Let z = -88 + 529/6. Let t(b) be the second derivative of -1/20*b**5 - 2*b - 5/2*b**2 + 0 - 1/4*b**4 + z*b**3. Determine t(-4).
7
Let b be -5 - (-4 - (-3 + 1 + 0)). Let d(s) = -2*s**3 - 3*s**2 + s + 2. Let k be d(-2). Let g(i) = -2*i + i + k*i. What is g(b)?
-9
Let g = 14 - 15. Let c(i) = -6*i + 1. Give c(g).
7
Let h(a) = a**3 + 4*a**2 + 3. Let y be h(-4). Let c(b) = -1. Let i(r) = -r - 3. Let v(t) = -4*c(t) + i(t). Give v(y).
-2
Let l be (-1 + (-16)/(-12))*9. Suppose 6*z = z + 3*a - l, -5*z + 4*a = 4. Let w(s) = -s**3 + s**2 - 2. Determine w(z).
-2
Let t(c) be the third derivative of -1/8*c**4 + 1/24*c**5 - 1/360*c**6 + 1/2*c**3 + 2*c**2 + 0 + 0*c. Let u(r) be the first derivative of t(r). What is u(4)?
1
Let s(w) = w + 1. Suppose 4*j - m - 2 = j, 2*m - 2 = 3*j. What is s(j)?
3
Let q be (17/(-1) + -3)/(-1). Suppose 3*f - 6*n - q = -2*n, -12 = -4*f - 2*n. Let h(x) = x**3 - 4*x**2 - x + 4. Give h(f).
0
Suppose 3*r + 23 = -2*m + 5, 3*m = -5*r - 29. Let z(d) = d**3 + 3*d**2 + 4. Give z(m).
4
Let v(o) = -3 - 3*o**3 - 5*o**2 - 2*o - o**3 + 3*o**3. Determine v(-5).
7
Let p(o) be the third derivative of o**4/24 + o**3/2 + 2*o**2. Let h = 1 + -7. Give p(h).
-3
Let z(s) = 2*s - 5. Let c(n) = n + 10. Let h be c(-3). Calculate z(h).
9
Let f(h) = -8*h - 2. Let l(a) = -a**3 + a + 1. Let w be l(-1). Let b be w/(1 - 6/4). Let c(y) = 4*y + 1. Let t(p) = b*f(p) - 5*c(p). Determine t(-1).
3
Let c(d) = d - 7. Let m(g) = 3*g + 45. Let r be m(-13). What is c(r)?
-1
Let z(s) = s**3 + 7*s**2 + 6*s + 8. Let r(g) = -2*g - 10. Let k be r(-7). Suppose -22 = -0*y + k*y + b, 5*b = -3*y - 8. What is z(y)?
8
Let y be (-3)/(-12) + (-11)/(-4). Let c(v) = -3*v**2 + 0*v - 3*v**2 - y*v + 4*v**2. Give c(-2).
-2
Let n(s) = -3*s - 19. Let v be n(-6). Let x(q) = 7*q + 1. Determine x(v).
-6
Let x(h) = 1 + 4 + 0*h + h + 7. Let m be 4/8 - (-13)/(-2). Determine x(m).
6
Let z(v) = v - 7. Let h be z(9). Suppose 4 = -5*r - 1, h*m = 5*r + 13. Let y(g) = 13 - 9 + 0*g - g - 5. What is y(m)?
-5
Let t(a) = -2*a + 0 + 2*a**2 - 4*a**2 + a**2 - 4. Let k(h) = h**3 - 8*h**2 + 6*h + 4. Let i be k(7). What is t(i)?
-7
Let p(s) = -s**2 - 6*s + 10. Suppose 11*z - 35 = -123. Determine p(z).
-6
Let l(z) be the first derivative of 3*z**2 - 1. Let o(a) = -2*a**2 - 15*a + 7. Let u be o(-8). Determine l(u).
-6
Let g = -1 - -1. Let t be (1 - 1) + 6/3. Let d(w) = g*w - w**t + 5*w + w - 5. Give d(5).
0
Suppose -3*y = 3*r, 3*r - 18 = -5*y + 7*r. Let p = y - 2. Let v(z) = z**3 + z**2 + z + 10. Calculate v(p).
10
Let g(v) be the second derivative of 0*v**5 + 1/90*v**6 - v + 0*v**2 - 1/3*v**3 + 0 + 0*v**4. Let h(r) be the second derivative of g(r). Calculate h(-1).
4
Let s(v) = 2*v + 4. Let t(p) = 2*p + 3. Suppose b - n = -1, -2*b = 3*b - 4*n + 6. Let g = -1 - -4. Let c(m) = b*s(m) + g*t(m). Give c(-2).
-3
Suppose j + 14 = 3*q, -j + 0*j - 20 = -5*q. Let t(z) = 1 + z**2 + z**3 + 0 + z - q*z. What is t(1)?
1
Let t(v) be the first derivative of 4 + 0*v + 3/2*v**4 - 1/2*v**2 + 1/3*v**3. Suppose 0 = j - 5*j + 4. What is t(j)?
6
Let b(k) = 3*k**3 + 5*k**2 - 5*k + 4. Let h(m) = -m**3 + m**2 - m + 1. Let p(f) = b(f) + 4*h(f). Calculate p(8).
0
Let a be (1 - (3 - 2))/(-2). Suppose -2 + 4 = 2*o. Let y(t) = -2*t + 4*t + o - t. Calculate y(a).
1
Let n(i) be the second derivative of -i**5/120 - i**4/24 + 7*i**3/6 - 3*i. Let v(y) be the second derivative of n(y). Determine v(-5).
4
Let o = -18 + 14. Let x(r) = r**2 + 5*r + 2. Give x(o).
-2
Let o(s) = -s**2 - 4*s + 5. Let h be (12/15)/(4/(-10)). Suppose 2*g - 2*r - 8 = -20, 3*g - 2*r = -15. Let k be (h - (-11)/3)*g. Determine o(k).
0
Let f(u) = 2*u**3 - u. Suppose 0 = -2*p - 4*t + 10, -5*t + 16 = -0*p + 3*p. Suppose 0 = -5*n + 2 - p. Calculate f(n).
-1
Suppose -3*m = 4*x - 11, 4*m + 4 + 3 = -x. Let c(p) = 5*p**2 - 2*p - 1. Let u(j) = -6*j**2 + 2*j + 1. Let b(y) = -5*c(y) - 4*u(y). What is b(x)?
-14
Let q(j) = -j - 7. Let g(c) = -5*c - 28. Let t(h) = 2*g(h) - 9*q(h). Let k(o) = -o**3 + 2*o**2 + 2*o + 3. Let d be k(3). Give t(d).
7
Let i(p) = -2*p - 2. Let l be 3/15 + (-147)/35. Give i(l).
6
Suppose -2*v + 17 = -6*v + 5*t, 2*v + 4 = -2*t. Let y(q) = q**3 - q**2 - 4. Let w(x) = 5*x**2 - x**3 + 0 + 3 - 4*x**2. Let b(f) = v*w(f) - 4*y(f). What is b(0)?
7
Let v(l) be the second derivative of -l**8/6720 + l**7/420 - l**6/720 - l**5/30 - l**4/6 - 3*l. Let h(r) be the third derivative of v(r). Determine h(5).
16
Let f(m) = m**2 + 4*m + 6. Let x(u) = u**2 + 12*u + 15. Let z be x(-10). What is f(z)?
11
Let l(k) = 5*k + 12. Let n be l(-2). Let j(t) = -t**2 + 3*t - 3. Give j(n).
-1
Let w(m) be the first derivative of m**3/3 - 7*m**2/2 + 4*m + 40. Determine w(4).
-8
Suppose -12 = -5*f + 2*j, 0 = -3*f + 4*j - 4. Let l(g) = 6*g - g + 0*g**2 - 1 + f - g**2. Determine l(6).
-3
Let b(s) = 4*s**2 - 8*s - 2*s**2 + 6*s. Calculate b(-2).
12
Let z(k) = -2*k - 9. Let q be z(-3). Let b(n) = 5*n + 1 + 0*n**2 - n + n**2. Give b(q).
-2
Suppose -z + 5 = 2*g, z - 1 = 2*z. Let i be (-1)/(-3)*g + 2. Suppose -j + 8 = 2*o, -2*j + i*j - 2*o = 0. Let s(u) = u**3 - 5*u**2 + 4*u - 6. Calculate s(j).
-6
Suppose 0 = -3*q - w - 1, -2 = -3*q + q - 2*w. Let z be (2/(-2))/(q/3). Suppose 0 = -t + o, z*t - 17 + 2 = -2*o. Let k(r) = r**3 - 2*r**2 + 3. What is k(t)?
12
Let w(g) = -g + 2. Suppose -5*d + r + 5 + 3 = 0, 5*d - 12 = -r. Let l be w(d). Let v(p) = 4*p + l*p**2 - 2*p + 1 + 2*p**2. What is v(-1)?
1
Let c = 128 + -126. Let u(s) = -s. Determine u(c).
-2
Let h(o) = -67*o - 16. Let z(j) = 13*j + 3. Let w(v) = -2*h(v) - 11*z(v). Give w(2).
-19
Let g(t) be the third derivative of 1/3*t**3 - 2*t**2 - 1/8*t**4 + 0*t + 0. Determine g(3).
-7
Let b(n) = -11*n**2 + 7. Let k(y) be the third derivative of y**5/12 - y**3/2 - 3*y**2. Let p(s) = -4*b(s) - 9*k(s). Calculate p(-1).
-2
Let z(d) = d**3 - 7*d**2 - 4. Let y = 45 - 38. Give z(y).
-4
Let z(m) be the first derivative of 2*m**3/3 + 11*m**2/2 + 4*m + 16. What is z(-7)?
25
Let h(r) = 1 + 1 - 3 + r. Suppose 8*f = 4*f. Give h(f).
-1
Let y(n) = -5*n**3 - n**2. Suppose t = 6*t. Let d be t - ((-9)/(-3) - 2). Determine y(d).
4
Let l be (0*1/(-4))/2. Let y(c) = -3*c + l*c - 6 - 1. Determine y(-5).
8
Suppose 2*p - 3*o = 25, 5 - 10 = o. Let z(n) = -5 - p*n**3 + 2 + 3 - 1. Let g = -3 - -4. Calculate z(g).
-6
Let t = -37 - -40. Let i(h) = -4*h**2 + 17*h - 17. Let s(o) = -o**2 + 4*o - 4. Let u(y) = 2*i(y) - 9*s(y). Determine u(t).
5
Let c(q) = q - 1. Let d be (1 - 2)*0 - -4. Suppose 3*t + 1 - d = 0. Let k(p) = -6*p**2 + 2*p - 1. Let j be k(t). Calculate c(j).
-6
Let a(v) = -23*v. Let h(b) = -4*b. Let w be (-200)/(-6) + 4/6. Let s(p) = w*h(p) - 6*a(p). Let j = -52 + 50. Give s(j).
-4
Let f(v) = -10*v - 5*v + 5*v + 1. Determine f(1).
-9
Let s be (15/12)/((-2)/(-16)). Suppose -2*b + 0*b - s = 0. Let v(x) = -x**2 - 5*x + 3. Determine v(b).
3
Let n(i) be the second derivative of i**7/840 + i**6/72 + 7*i**5/120 + 5*i**4/24 - i**3/6 + i. Let o(g) be the second derivative of n(g). What is o(-4)?
-7
Let y(f) = -f - 3. Let c be y(-6). Let k(q) = -q**2 + 13*q - 3. Let l(r) = 2*r. Let v(n) = -k(n) + 5*l(n). Give v(c).
3
Let l(v) = -8*v**2 - 24 - 22 - 6*v - v**3 + 40. Give l(-7).
-13
Let g(f) be the second derivative of 3*f - 2*f**2 + 1/6*f**3 + 0. Determine g(5).
1
Let n(r) = 8 + r + 4 + 0. What is n(-5)?
7
Suppose 0 = 2*p + 4*t - 4 - 10, -3*p - 4*t + 29 = 0. Suppose -4*n - 3 = -p. Let w be ((2 - 2)/n)/1. Let x(d) = -d - 3. Give x(w).
-3
Let z(m) be the first derivative of 1/2*m**3 + 1/12*m**4 - 1/60*m**5 + 0*m - 1 - 1/2*m**2. Let w(u) be the second derivative of z(u). Give w(4).
-5
Let n(p) = -5*p**2 - 5*p - 3. Let j(o) = -9*o**2 - 10*o - 6. Let k(g) = 4*j(g) - 7*n(g). Let m = 3 + -4. Let r = -4 - m. What is k(r)?
3
Let a(t) = -4*t + 62. Let q be a(17). Let z(y) = -y**2 - 4*y - 3. Give z(q).
-15
Let k(y) = -y**2 - 5*y + 1. Let z(v) = -4*v + 1. Let q(f) = 2*k(f) - 3*z(f). Give q(2).
-5
Let b be (-11)/(-3) - 6/(-18). Let s(v) be the first derivative of 2*v**2 - 2 - v**3 + 1/4*v**b - 2*v. What is s(2)?
2
Let d = -4 - -9. Suppose -d*y + 